 a. Calculate the greatest common divisor of p and o.
47
Let f = 49449 - 49448. Let j(l) = -l**3 + 3*l**2 + 3*l. Let m be j(3). Calculate the greatest common divisor of f and m.
1
Suppose -5*z = -a - 50 - 49, z = 4*a + 16. Let i be (-2)/4 - (-3 + (-90)/z). What is the greatest common divisor of 2 and i?
1
Let c(d) = 4*d**2 + 6*d + 7. Let u(p) = 7*p - 7. Let g be u(-2). Let x = g - -19. Let m be c(x). Calculate the highest common factor of 99 and m.
11
Let z = 1660 + -1460. Calculate the highest common divisor of 65 and z.
5
Let y be -4 - (-4 + -195161)/9. What is the greatest common divisor of 594 and y?
297
Suppose -9680 = 8*b - 18*b. Suppose -b = -9*g + 7*g. Suppose -7*z = 4*z - g. Calculate the greatest common divisor of z and 4.
4
Suppose -179*y = -5*y - 222894. What is the highest common divisor of 2013 and y?
183
Let b(x) = 2*x**2 + 40*x - 34. Let y(c) = -4*c**2 + 15. Let z be y(3). Let a be b(z). Calculate the greatest common factor of a and 1.
1
Let r(o) = -8*o**2 + 51*o - 14. Let d be r(5). Suppose 11*s - 69 = d. Calculate the highest common divisor of 50 and s.
10
Suppose 134*m = 120*m + 294. Suppose -140 = -0*j - 4*j. Calculate the greatest common factor of m and j.
7
Let z be ((-45)/(-10))/(10/20). Let h(r) = 27*r - 91. Let m be h(z). What is the highest common factor of m and 228?
76
Suppose 18*d - 350 = 13*d - 5*x, -2*x = 6*d - 428. What is the highest common factor of d and 32724?
36
Let d be (4 + 20 + -22)*18/4. Calculate the highest common divisor of d and 27.
9
Let u(n) = -n**3 + 1. Let j be u(-1). Suppose 9 = j*o + o. Let c = 119732 - 119726. Calculate the greatest common divisor of o and c.
3
Let c = 3854 + -3503. Calculate the greatest common divisor of 216 and c.
27
Let b(o) = -15*o - 190. Let u be b(-13). Let y(n) = 150*n - 25. Let t be y(u). Calculate the greatest common divisor of 29 and t.
29
Let f be 6320/34 - 20/(-170). Suppose x - 102 = 22. Calculate the greatest common divisor of f and x.
62
Let m be (34/(-85))/(1*(-2)/31820). Calculate the highest common factor of m and 344.
172
Let n be (-1989436)/(-239) - (-18 - -1). Calculate the greatest common divisor of 19 and n.
19
Let b = -25 - -41. Suppose -59*d + 1760 = -15*d. Calculate the highest common divisor of b and d.
8
Suppose -3*i = m + 2*i - 166, 2*m - 5*i = 422. Calculate the highest common divisor of 2303 and m.
49
Let n = -1696 + 2443. Suppose -629*c - n = -638*c. Calculate the greatest common divisor of 1 and c.
1
Suppose 0 = -23*l + 27*l. Let q = 5 + l. Let o be (3/(9/66))/(q - 4). Calculate the greatest common divisor of 55 and o.
11
Suppose 2*c = 4*k + 192, 0 = 5*c + 2*k + 20 - 572. Calculate the highest common divisor of 516 and c.
12
Let s = 7 - 0. Suppose 5*x - 125 = -2*k, -3*k + 5*x = -s*k + 225. Let u(w) = -w**2 + 12*w + 14. Let j be u(11). Calculate the greatest common factor of k and j.
25
Suppose 22638 = 724*u + 204*u + 150*u. Let x be 1 + 1/2*10. Calculate the highest common divisor of u and x.
3
Suppose 0 = 3*a + q - 167, 32*q + 147 = 3*a + 29*q. Calculate the greatest common divisor of a and 40203.
27
Suppose 3*b + 4*t = 25, -15*b + 19*b = -2*t + 40. What is the highest common factor of b and 3641?
11
Suppose 338 + 427 = 24*v - 7*v. Suppose 2*a = 6*a - 2340. What is the greatest common divisor of a and v?
45
Let v = -123 + 127. Let g(z) = 3*z**3 - 8*z**2 - 16. Let q be g(v). What is the greatest common factor of q and 228?
12
Suppose s = 4*v - 3589, -3*v + 2*v + 2*s + 899 = 0. What is the greatest common divisor of 46 and v?
23
Let v be (1/3)/(11/(-165)) + -237. Let h = v + 298. What is the highest common divisor of h and 98?
14
Let i(q) = -q**2 + 111*q - 913. Let h be i(98). Calculate the greatest common divisor of h and 589.
19
Let y be ((-24460)/(-18) - -1) + 10/(-2250)*-25. What is the highest common divisor of y and 72?
8
Let y = -94 + 149. Suppose 0*v - v = 5*z - y, 0 = -2*z - 4*v + 4. Suppose 0*c - 18 = -c. Calculate the highest common factor of c and z.
6
Let i be 16 + -2 + (-9 - -6). Suppose -4*k + 20 = -o - 3*o, i = 4*k + 5*o. Calculate the highest common divisor of k and 11.
1
Let o(d) = 187*d**2 - 38*d + 38. Let c be o(1). What is the greatest common factor of 55 and c?
11
Let p(w) = -241*w - 444. Let a be p(-2). What is the greatest common divisor of a and 2299?
19
Let f = 12411 - -16387. Calculate the highest common factor of f and 238.
238
Suppose -78*u + 66*u = -2520. Let q be 70/175*(u/4)/3. Calculate the greatest common factor of q and 14.
7
Let n be -1 + 27 + 2 + -26 + 28. Let h(p) = -25*p - 12. Let m be h(-6). Calculate the greatest common factor of n and m.
6
Let l = 42 - 38. Let q be (2/(-3))/(l/(-24)). Suppose 0 = q*r - r - 27. Calculate the greatest common divisor of r and 9.
9
Suppose -s - 2*z = 1, 0 = -2*s - 0*z - 2*z + 4. Suppose -77*l - 91*l = -40*l - 384. Suppose -1 = -l*t + s. Calculate the highest common divisor of 34 and t.
2
Let t(n) = -18*n + 362. Let r be t(17). Let v = 18 - 11. Calculate the highest common factor of r and v.
7
Suppose 877*o - 876*o - 30 = 0. Suppose -4*g = 4*b, 2*b + b - 3*g - 30 = 0. Suppose -25*n = -o*n + b. Calculate the highest common factor of 12 and n.
1
Let t = -527 - -526. Suppose -5*w = k - 36, 5*k = -4*w + 2*w + 295. Let q = t + k. What is the greatest common divisor of 12 and q?
12
Suppose 0 = -5*p - 503*u + 501*u + 1198, -p + 237 = 3*u. Calculate the greatest common factor of p and 7360.
80
Let g(m) = m**2 - 2*m - 13. Suppose 0 = 2*r - 8*r - 24. Let q be g(r). Suppose q*o - 15*o = -88. Calculate the greatest common factor of o and 11.
11
Let x be ((-12532)/723)/((-2)/(-102)*-2). Suppose 0 = 2*w - 0*w - 52. What is the highest common divisor of x and w?
26
Suppose n + 4*t - 36 = 0, 6 = -n + 9*t - 6*t. Calculate the highest common divisor of 478 and n.
2
Suppose 0*i + 4*i - 2 = 5*d, -3*i + 13 = 2*d. Suppose 0*r + 2*c - 26 = -r, -38 = -r - 5*c. What is the highest common divisor of d and r?
2
Let l(b) = -118*b - 126. Let r be l(-7). Let a(y) = -5*y - 2. Let o be a(-6). What is the highest common factor of r and o?
28
Suppose 32*l + 21 = 39*l. Suppose m + 0*m + 55 = w, m = -4*w - 40. Let i be 14 + -18 + (0 - m). Calculate the greatest common factor of i and l.
3
Let o = 198 - 195. Suppose 3*i + s - 47 = 0, o*s - 9 = -2*i + 34. Suppose -4 - 4 = -4*d. Calculate the highest common factor of d and i.
2
Let w(u) = 22*u**2 - 134*u + 1830. Let l be w(13). What is the highest common divisor of 66 and l?
22
Suppose x - 1248 = 6*v - 4*v, 0 = 4*x - 3*v - 4967. Suppose -98 = 12*m - x. What is the greatest common factor of m and 76?
19
Let s = -29063 - -29106. Calculate the greatest common factor of 56932 and s.
43
Let t = 271 - 30. Suppose l = 24 + 117. Let i = t - l. Calculate the greatest common divisor of 60 and i.
20
Suppose 14*z - 12 = 8*z. Suppose -z*b - 13 = -47. Let p(x) = x**3 - 19*x**2 + 3*x + 11. Let i be p(19). What is the greatest common factor of b and i?
17
Suppose 355 = 5*z - 80. Let l be (-663)/(-2) - (-60)/40. Let n = -275 + l. Calculate the greatest common divisor of n and z.
29
Suppose d = -w - 2*d + 50, 2*w + 4*d = 90. Let t = w - 25. Let o = 15 - t. What is the greatest common factor of o and 1?
1
Let v be (-1 - -3)/((-4)/(-182)). Suppose 5*q = m + 186, 50 + 31 = 9*m. What is the greatest common factor of q and v?
13
Suppose -377*o = -386*o + 216. Calculate the highest common divisor of o and 1032.
24
Let k = -4626 - -4648. Calculate the greatest common factor of k and 539.
11
Let h = -214 - -221. Suppose -h*u + 26 = -646. Calculate the highest common divisor of 128 and u.
32
Let f be (33/18 - (-2)/12) + 2. Suppose f*h - 5*h = -4*y - 37, 0 = 4*h + y - 80. Suppose h = -q + 25. Calculate the greatest common divisor of 28 and q.
4
Let b be ((-912)/(-14))/(200/2100). Calculate the highest common divisor of 380 and b.
76
Let s = -19 + 38. Suppose -c - 522 = -s*c. What is the greatest common divisor of 261 and c?
29
Let z be ((-4380)/210)/((-1)/7). What is the highest common factor of z and 584?
146
Let s be (-2)/7 - (-3915)/203. Let j be 12/20 - (0 + (-138)/(-5)). Let g = 182 - j. Calculate the highest common divisor of s and g.
19
Suppose 0 = -2*y - 3*r + 6504, -4*r - 12966 = -4*y - 3*r. What is the highest common factor of y and 138?
69
Suppose -2*r - 5*w + 27 = -r, -5*r